+ 5. Let f be c(6). Suppose 0 = v + f - 6. Let o be (1 + 9/v)*5. What is m(o)?
-1
Suppose 4 = -17*k + 21*k. Let j(s) = 4*s - 1. Calculate j(k).
3
Suppose 0 = -3*z + 2 + 10. Let a(h) = h**3 - 3*h**2 - 2*h + 4. What is a(z)?
12
Let d(r) = -8*r**3 - r**2. Let w(s) = -6*s - 4 + 0*s + 5*s. Let q be w(-3). Calculate d(q).
7
Let f(i) be the second derivative of -i**4/12 - i**3/6 - i**2 + 16*i. What is f(-4)?
-14
Let p(y) = -y**3 - y**2 + 2*y + 3. Let d be 6*4/3 - -1. Let g = d - 6. Suppose -g = -2*h + s - 11, h + 6 = s. Determine p(h).
3
Let d(l) = -3*l**3 - 2*l**2 - 3*l - 7. Let q(n) = 4*n**3 + 3*n**2 + 4*n + 10. Let m(g) = 7*d(g) + 5*q(g). Calculate m(2).
-5
Let u(o) = -o**3 + 5*o**2 - 4*o + 3. Let f be -4*((-30)/8 + 3). Determine u(f).
9
Let k = -20 - -21. Let w(d) = -5*d**2 - 2*d + 1. Calculate w(k).
-6
Let t(j) be the first derivative of -j**2/2 + 2*j + 40. Give t(-2).
4
Let a(r) = 2*r - 1. Suppose -4*c = 7 - 15. Give a(c).
3
Suppose 3*m - 8 - 11 = 5*x, 10 = -4*x + 5*m. Let n(s) = 6*s + 3. Let l(q) = -11*q - 6. Let f(v) = x*n(v) - 3*l(v). Let b(h) = h + 2. Let o be b(-4). Give f(o).
-3
Let q be 8 + -3 + -2 + 2. Let d(p) = p**2 - 5*p + 5. Determine d(q).
5
Let a(l) = l + 1. Let y(o) = -4*o - 9. Let n(s) = 5*a(s) + y(s). Let k = 11 - 7. Let u be n(k). Let x(q) = q**2 - q - 2. Calculate x(u).
-2
Let n(z) = -z**3 + 3*z**2 - 2*z + 3. Let i be 1 - (3 + 5/(-1)). Calculate n(i).
-3
Let m be 2/4 + 9/2. Suppose -m*f = -4 - 1. Let p(j) be the first derivative of -j**2/2 + j - 1. What is p(f)?
0
Let c(g) be the first derivative of -g**3/3 - 3*g**2 - 3*g + 25. Let m be (0 + -2 + 0)*1. Calculate c(m).
5
Let z(t) = -t**3 - 6*t**2 - 6*t - 3. Suppose p - 2*j + 2 = -2, 5*p + 5*j = -65. Let g be p/8*(4 + 0). Calculate z(g).
2
Let s(r) = -r**3 + r + 1. Let f(y) = 6*y**3 + 4*y**2 - 5*y - 7. Let k(d) = -f(d) - 5*s(d). Let h be k(-4). Let c(x) = -3*x**2 + 4*x - 3. Determine c(h).
-7
Let b(f) = -5*f**3 + 6*f - 7. Let w(o) = -6*o**3 + o**2 + 7*o - 7. Let l(p) = 7*b(p) - 6*w(p). What is l(6)?
-7
Suppose 3*q - 5*w + 0*w - 10 = 0, 4*w + 8 = 0. Suppose -o + q*o = -1. Let l(s) = -4*s + 1. Let h(d) = 4*d - 1. Let f(u) = -5*h(u) - 4*l(u). Give f(o).
-3
Let p(x) be the third derivative of x**6/120 + x**5/15 - x**4/6 - 5*x**3/6 - 5*x**2. What is p(-4)?
11
Let x(f) = f**3 + f**2 - 5*f - 2. Let b(y) = -2*y**3 - 3*y**2 + 11*y + 4. Let g(l) = 2*b(l) + 5*x(l). Give g(-2).
-8
Let c(h) = h. Let v(z) = -5*z - 2. Let q(t) = 14*c(t) + 2*v(t). Suppose 2 = 5*g - 2*p - 3, 4*p = -g + 23. What is q(g)?
8
Let x(q) = 5*q - 8 - 2*q - 2*q. Determine x(0).
-8
Suppose -4*z + u = -0*u + 25, 0 = z - u + 10. Let j(x) = x**3 + 4*x**2 - 5*x - 6. What is j(z)?
-6
Let p(v) = -v + 1. Suppose -6*f = -48 + 18. Calculate p(f).
-4
Let s be 15/35 + 62/(-14). Let p(o) = -o**2 - o - 3. What is p(s)?
-15
Suppose -2*w = 2*k - 10, -5*w - 2*k + 23 = 2*k. Suppose -w*q + 2*c = 4, 6 = -5*c + 1. Let g(n) = 3*n**2 + 3*n + 2. Calculate g(q).
8
Suppose 5*b = 3*z + 2*z, 5*z = -2*b. Suppose 5*t + r + r - 5 = 0, b = -5*t + 3*r + 5. Let x = t - -1. Let g(l) = -2*l. What is g(x)?
-4
Let u be 2*1/2*-3. Let d(s) be the first derivative of -3/2*s**2 + 0*s + 3 - 1/3*s**3. Determine d(u).
0
Let p be ((-15)/(-4))/(8/32). Suppose 0 = -3*v + 2*j - p, 3*j = 9. Let l(x) = -2*x + 2. Give l(v).
8
Let r(x) = -x - 8. Let s(f) = 1. Let a(g) = r(g) + 2*s(g). Let c be (-195)/27 - 12/(-54). Let h be 2 + c - 4/(-2). What is a(h)?
-3
Let p(b) be the second derivative of -1/6*b**3 - 9*b - 3/2*b**2 + 0. Determine p(-3).
0
Let f(i) = -4*i - 1. Let c = -14 + 20. Let s be 4/(-6)*9/c. Determine f(s).
3
Let q be -1 - (-3)/(9/(-6)). Let o = q - -6. Suppose 2*i - 3*a = -5, 3*a - o = i + a. Let w(s) = 5*s**3 - s**2 + 1. Give w(i).
-5
Let a(d) be the third derivative of d**4/12 - d**3/6 - 31*d**2. Give a(6).
11
Let k(o) = -11*o - 1. Let j be k(-4). Suppose 12 = -2*h - d - j, -h - 55 = -5*d. Let n be (-10)/4*24/h. Let p(u) = u**3 - 4*u**2 + 2*u + 1. What is p(n)?
-3
Let j(m) = -m**3 + m**2 - m. Let w = 10 + -2. Let r(v) = -5*v**2 - 7*v + v**3 - 2*v**2 - 2*v**2 - 2*v**3 + w. Let h be r(-8). What is j(h)?
0
Let d(c) = c**3 - 3*c**2 + 3*c**2. Let l(w) = -2*w - 3. Let t be l(-4). Let m = t + -5. What is d(m)?
0
Let q(t) = -t**2 + t. Let f(y) = 2*y**2 - 2*y + 2. Let v(h) = -f(h) - 4*q(h). Let c(x) be the first derivative of v(x). Determine c(-2).
-10
Let d(l) be the third derivative of l**5/60 - l**4/6 - l**3/6 - 11*l**2. Let b(a) = 3*a**2 - 2*a - 1. Let u be b(-1). What is d(u)?
-1
Suppose -2 = -2*t + 2. Let y(w) = -2*w - w - t*w. Let c = -3 - -2. What is y(c)?
5
Suppose -i - 6 = 2*k, k + 5*i - 35 = 4*k. Let g(l) = 6*l - 2. Let z(j) = -j. Let n(b) = g(b) + 5*z(b). Calculate n(k).
-7
Let p(u) = -4*u**3 + 5*u**2 + 5*u + 8. Let j(v) = -5*v**3 + 6*v**2 + 6*v + 9. Let m(w) = -5*j(w) + 6*p(w). Give m(0).
3
Suppose 0 = -5*z - d + 25 + 25, 4*z = -5*d + 40. Let m = z + -4. Suppose -b = -m*b. Let r(c) = c**3 - c**2 - 1. Calculate r(b).
-1
Let f(h) = h**2 + 10*h + 12. Let x be f(-9). Let p(d) = -d + 9. Let c be p(x). Let w(b) = -b - 2. What is w(c)?
-8
Let a(r) = -2*r - 7. Let q be ((-3)/6)/((-63)/(-30) - 2). What is a(q)?
3
Let l(h) = -10*h - 1. Let y(v) = -9*v - 2. Let j(o) = -3*l(o) + 2*y(o). What is j(-1)?
-13
Let d(i) be the second derivative of -i**4/12 + 7*i**3/6 - 3*i**2 + 33*i. Give d(6).
0
Suppose -p + 5 = 4*z, -2*p = -z - 2 + 1. Let y = z - -4. Suppose 4*r = -4*w + 20, -w = -y*r - 0*r + 25. Let o(t) = -t**3 + 5*t**2 - 6. Determine o(r).
-6
Suppose 0 = 24*r - 14*r. Let u(k) be the third derivative of -1/120*k**6 + r - 1/15*k**5 + 1/3*k**3 + 0*k - 3*k**2 + 7/24*k**4. Give u(-5).
-8
Let u(v) = -v**3 + 5*v**2 - 3*v + 5. Let z(n) = 2*n + 2. Let i be z(-5). Let g be i/((3 + -2)*-2). Determine u(g).
9
Let w(a) be the second derivative of a**3/6 - 3*a**2/2 - 12*a. Give w(8).
5
Let j be 8/(-5 + 7 - 4). Let g(l) = -l + 4. What is g(j)?
8
Let s(y) = 12*y**2 + 1. Let c(x) = -x**2 - x - 1. Let v(i) = c(i) + s(i). Suppose 3*z + 2*d - 2 = 6*d, 3*d + 6 = 0. Let j be (0 + -1)*(-2)/z. Give v(j).
12
Let f(v) = -v**3 + 7*v**2 - 6*v + 9. Let m(u) = 2*u**3 + 11*u**2 - 6*u + 6. Let n be m(-6). Give f(n).
9
Let u(q) be the third derivative of -q**4/8 - q**3/6 + 2*q**2. Let x = -6 + 9. Suppose 2*y - x = -y. Give u(y).
-4
Suppose s - 3 = -6. Let d(r) = 2*r + 4. What is d(s)?
-2
Let c(h) = h**3 - h**2 + h + 1. Let k be ((-2)/(-5))/((-4)/(-10)). Let a(d) = 6*d**3 - 11*d**2 + 13*d - 1. Let p(t) = k*a(t) - 5*c(t). Give p(5).
9
Let u(c) = c**2 + 2 - c - 2*c**2 + 0*c. Calculate u(-2).
0
Let y(q) be the third derivative of q**4/24 - 5*q**3/3 + 24*q**2. Suppose u = -2*o + 10, 17 - 2 = -2*u + 3*o. Give y(u).
-10
Let a = 7 - 5. Suppose 3*r - 5*v + 8 = 25, -a*v - 12 = 4*r. Let s(g) = -g - 1. Determine s(r).
0
Let a be 0 + 2 + -3 + -12. Let p = a + 12. Let w(r) = -6*r**2. What is w(p)?
-6
Suppose 29*n = 33*n - 12. Let g(s) = -2*s**2 + 2*s + 3. Determine g(n).
-9
Let f(d) be the second derivative of d**4/4 - d**3/6 + d**2/2 + 3*d. Let n be f(1). Let g(k) = -k**3 + 3*k**2 + k + 1. Calculate g(n).
4
Let t(l) = l**2 - 4*l - 9. Let i(j) = -2*j**2 + 3*j + 10. Let u(x) = 2*i(x) + 3*t(x). Let d = -5 - 3. Let a = -13 - d. Give u(a).
-2
Let l be 6/(-10) - (-4)/(-10). Let v(r) = 4*r**2 - 10 + 11 - 11*r**2. Determine v(l).
-6
Let y(l) = -l**3 + 5*l**2 + 6*l + 2. Let o be (-4)/(-6) + 32/6. Give y(o).
2
Let d(w) be the third derivative of 5*w**4/24 - w**3/3 - w**2. Give d(-2).
-12
Suppose -4*k + 4*l = -0*k + 4, 2*l + 4 = 4*k. Let y(p) = p + 1. Let r(c) = 7. Let v(w) = -r(w) + 4*y(w). Calculate v(k).
9
Let z(r) be the second derivative of 3/2*r**2 - 4*r + 0 + 1/3*r**3. Give z(-4).
-5
Let n(q) = -2*q**2 + 4*q - 2. Let f be n(3). Let u be 2*2 + f/4. Let b(y) = -u*y - 6 + 4*y - y. Calculate b(0).
-6
Let y(j) = -j + 7 + 6*j + j**3 + j**2 + 3*j. Let f(n) = -n**3 - n**2 - 7*n - 6. Let i(o) = 7*f(o) + 6*y(o). Determine i(-1).
1
Let o(v) = 0 + 5*v - 4*v - 2. Suppose -2*m = -4*x + 2, -2*x - m + 7 = -0. Let y(q) = -q**3 + 2*q**2 + q - 1. Let b be y(x). Give o(b).
-1
Let u(i) be the third derivative of 0*i + i**2 + 1/4*i**4 + 0 - 1/120*i**6 + 1/12*i**5 - 7/6*i**3. Calculate u(6).
-7
Let s(c) = c**3 + 5*c**2 - c - 5. Suppose 0*y = y + 2*p + 27, -9 = y - 4*p. Let l = 16 + y. Give s(l).
0
Let r(w) = w**3 + 2*w**2 - w + 1. Let